{"id":40755,"date":"2025-04-20T11:00:59","date_gmt":"2025-04-20T15:00:59","guid":{"rendered":"https:\/\/cceditors.ca\/?post_type=mec-events&#038;p=40755"},"modified":"2025-05-21T08:38:33","modified_gmt":"2025-05-21T12:38:33","slug":"cce-summer-social-vancouver-2025","status":"publish","type":"mec-events","link":"https:\/\/cceditors.ca\/fr\/events\/cce-summer-social-vancouver-2025\/","title":{"rendered":"Activit\u00e9 estivale du CCE: Vancouver"},"content":{"rendered":"<p>Joignez-vous \u00e0 nous le 25 juin pour une activit\u00e9 estivale \u00e0 Vancouver. Nous allons f\u00eater le d\u00e9but de l\u2019\u00e9t\u00e9 \u00e0 Container Brewing.<\/p>\n\n\n\n<p>Les membres du CCE auront droit \u00e0 un verre gratuit. Assurez-vous de r\u00e9server afin que votre nom figure sur la liste!  Les non-membres sont les bienvenu\u00b7es.<\/p>\n\n\n\n<p>Si cet \u00e9v\u00e9nement affiche complet et que vous voudriez vous mettre sur notre liste d\u2019attente, veuillez nous \u00e9crire \u00e0 <a href=\"mailto:info@cceditors.ca\" target=\"_blank\" rel=\"noreferrer noopener\">info@cceditors.ca<\/a>.<\/p>\n\n\n\n<p>Container Brewing &#8211; 1216 Franklin St, Vancouver, British Columbia, V6A 1K1<\/p>\n\n\n\n<p>June 25th &#8211; 7PM PT<\/p>\n\n\n\n<iframe src=\"https:\/\/www.google.com\/maps\/embed?pb=!1m18!1m12!1m3!1d2321.4143636006606!2d-123.08125002351105!3d49.282171971392685!2m3!1f0!2f0!3f0!3m2!1i1024!2i768!4f13.1!3m3!1m2!1s0x5486716b10400ea3%3A0xeb1fcceaf9367890!2sContainer%20Brewing%20Ltd.!5e1!3m2!1sen!2sca!4v1745161227188!5m2!1sen!2sca\" width=\"400\" height=\"300\" style=\"border:0;\" allowfullscreen=\"\" loading=\"lazy\" referrerpolicy=\"no-referrer-when-downgrade\"><\/iframe>\n\n\n\n<p><\/p>","protected":false},"excerpt":{"rendered":"<p>Join us on June 25th for a Summer Social in Vancouver.&nbsp; We will be celebrating the start of summer at Container Brewing. CCE members will receive their first drink free.&nbsp; Be sure to RSVP so your name is on the list! &nbsp;Non Members are welcome to attend. If this event is SOLD OUT and you [&hellip;]<\/p>\n","protected":false},"author":3,"featured_media":0,"comment_status":"closed","ping_status":"closed","template":"","tags":[],"mec_category":[955],"mec_speaker":[],"class_list":["post-40755","mec-events","type-mec-events","status-publish","hentry","mec_category-general-cce-event-member-only","pmpro-has-access"],"yoast_head":"<!-- This site is optimized with the Yoast SEO plugin v27.5 - https:\/\/yoast.com\/product\/yoast-seo-wordpress\/ -->\n<title>CCE Summer Social: Vancouver &#187; Canadian Cinema Editors \/ Les Monteurs et Monteuses de cin\u00e9ma canadien<\/title>\n<meta name=\"robots\" content=\"index, follow, max-snippet:-1, max-image-preview:large, max-video-preview:-1\" \/>\n<link rel=\"canonical\" href=\"https:\/\/cceditors.ca\/fr\/events\/cce-summer-social-vancouver-2025\/\" \/>\n<meta property=\"og:locale\" content=\"fr_CA\" \/>\n<meta property=\"og:type\" content=\"article\" \/>\n<meta property=\"og:title\" content=\"CCE Summer Social: Vancouver &#187; Canadian Cinema Editors \/ Les Monteurs et Monteuses de cin\u00e9ma canadien\" \/>\n<meta property=\"og:description\" content=\"Join us on June 25th for a Summer Social in Vancouver.&nbsp; We will be celebrating the start of summer at Container Brewing. CCE members will receive their first drink free.&nbsp; Be sure to RSVP so your name is on the list! &nbsp;Non Members are welcome to attend. If this event is SOLD OUT and you [&hellip;]\" \/>\n<meta property=\"og:url\" content=\"https:\/\/cceditors.ca\/fr\/events\/cce-summer-social-vancouver-2025\/\" \/>\n<meta property=\"og:site_name\" content=\"Canadian Cinema Editors \/ Les Monteurs et Monteuses de cin\u00e9ma canadien\" \/>\n<meta property=\"article:publisher\" content=\"https:\/\/www.facebook.com\/CCEditors\" \/>\n<meta property=\"article:modified_time\" content=\"2025-05-21T12:38:33+00:00\" \/>\n<meta property=\"og:image\" content=\"https:\/\/cceditors.ca\/wp-content\/uploads\/2025\/04\/Summer-Social-2025-van_VAN-Banner-scaled.png\" \/>\n\t<meta property=\"og:image:width\" content=\"2560\" \/>\n\t<meta property=\"og:image:height\" content=\"1440\" \/>\n\t<meta property=\"og:image:type\" content=\"image\/png\" \/>\n<meta name=\"twitter:card\" content=\"summary_large_image\" \/>\n<meta name=\"twitter:site\" content=\"@CCE_editors\" \/>\n<meta name=\"twitter:label1\" content=\"Estimation du temps de lecture\" \/>\n\t<meta name=\"twitter:data1\" content=\"1 minute\" \/>\n<script type=\"application\/ld+json\" class=\"yoast-schema-graph\">{\"@context\":\"https:\\\/\\\/schema.org\",\"@graph\":[{\"@type\":\"WebPage\",\"@id\":\"https:\\\/\\\/cceditors.ca\\\/events\\\/cce-summer-social-vancouver-2025\\\/\",\"url\":\"https:\\\/\\\/cceditors.ca\\\/events\\\/cce-summer-social-vancouver-2025\\\/\",\"name\":\"CCE Summer Social: Vancouver &#187; Canadian Cinema Editors \\\/ Les Monteurs et Monteuses de cin\u00e9ma canadien\",\"isPartOf\":{\"@id\":\"https:\\\/\\\/cceditors.ca\\\/fr\\\/#website\"},\"datePublished\":\"2025-04-20T15:00:59+00:00\",\"dateModified\":\"2025-05-21T12:38:33+00:00\",\"breadcrumb\":{\"@id\":\"https:\\\/\\\/cceditors.ca\\\/events\\\/cce-summer-social-vancouver-2025\\\/#breadcrumb\"},\"inLanguage\":\"fr-CA\",\"potentialAction\":[{\"@type\":\"ReadAction\",\"target\":[\"https:\\\/\\\/cceditors.ca\\\/events\\\/cce-summer-social-vancouver-2025\\\/\"]}]},{\"@type\":\"BreadcrumbList\",\"@id\":\"https:\\\/\\\/cceditors.ca\\\/events\\\/cce-summer-social-vancouver-2025\\\/#breadcrumb\",\"itemListElement\":[{\"@type\":\"ListItem\",\"position\":1,\"name\":\"Home\",\"item\":\"https:\\\/\\\/cceditors.ca\\\/\"},{\"@type\":\"ListItem\",\"position\":2,\"name\":\"Events\",\"item\":\"https:\\\/\\\/cceditors.ca\\\/fr\\\/events\\\/\"},{\"@type\":\"ListItem\",\"position\":3,\"name\":\"CCE Summer Social: Vancouver\"}]},{\"@type\":\"WebSite\",\"@id\":\"https:\\\/\\\/cceditors.ca\\\/fr\\\/#website\",\"url\":\"https:\\\/\\\/cceditors.ca\\\/fr\\\/\",\"name\":\"Canadian Cinema Editors \\\/ Les Monteurs et Monteuses de cin\u00e9ma canadien\",\"description\":\"The Canadian Cinema Editors aims to connect and promote editors across Canada\",\"potentialAction\":[{\"@type\":\"SearchAction\",\"target\":{\"@type\":\"EntryPoint\",\"urlTemplate\":\"https:\\\/\\\/cceditors.ca\\\/fr\\\/?s={search_term_string}\"},\"query-input\":{\"@type\":\"PropertyValueSpecification\",\"valueRequired\":true,\"valueName\":\"search_term_string\"}}],\"inLanguage\":\"fr-CA\"}]}<\/script>\n<!-- \/ Yoast SEO plugin. -->","yoast_head_json":{"title":"CCE Summer Social: Vancouver &#187; Canadian Cinema Editors \/ Les Monteurs et Monteuses de cin\u00e9ma canadien","robots":{"index":"index","follow":"follow","max-snippet":"max-snippet:-1","max-image-preview":"max-image-preview:large","max-video-preview":"max-video-preview:-1"},"canonical":"https:\/\/cceditors.ca\/fr\/events\/cce-summer-social-vancouver-2025\/","og_locale":"fr_CA","og_type":"article","og_title":"CCE Summer Social: Vancouver &#187; Canadian Cinema Editors \/ Les Monteurs et Monteuses de cin\u00e9ma canadien","og_description":"Join us on June 25th for a Summer Social in Vancouver.&nbsp; We will be celebrating the start of summer at Container Brewing. CCE members will receive their first drink free.&nbsp; Be sure to RSVP so your name is on the list! &nbsp;Non Members are welcome to attend. If this event is SOLD OUT and you [&hellip;]","og_url":"https:\/\/cceditors.ca\/fr\/events\/cce-summer-social-vancouver-2025\/","og_site_name":"Canadian Cinema Editors \/ Les Monteurs et Monteuses de cin\u00e9ma canadien","article_publisher":"https:\/\/www.facebook.com\/CCEditors","article_modified_time":"2025-05-21T12:38:33+00:00","og_image":[{"width":2560,"height":1440,"url":"https:\/\/cceditors.ca\/wp-content\/uploads\/2025\/04\/Summer-Social-2025-van_VAN-Banner-scaled.png","type":"image\/png"}],"twitter_card":"summary_large_image","twitter_site":"@CCE_editors","twitter_misc":{"Estimation du temps de lecture":"1 minute"},"schema":{"@context":"https:\/\/schema.org","@graph":[{"@type":"WebPage","@id":"https:\/\/cceditors.ca\/events\/cce-summer-social-vancouver-2025\/","url":"https:\/\/cceditors.ca\/events\/cce-summer-social-vancouver-2025\/","name":"CCE Summer Social: Vancouver &#187; Canadian Cinema Editors \/ Les Monteurs et Monteuses de cin\u00e9ma canadien","isPartOf":{"@id":"https:\/\/cceditors.ca\/fr\/#website"},"datePublished":"2025-04-20T15:00:59+00:00","dateModified":"2025-05-21T12:38:33+00:00","breadcrumb":{"@id":"https:\/\/cceditors.ca\/events\/cce-summer-social-vancouver-2025\/#breadcrumb"},"inLanguage":"fr-CA","potentialAction":[{"@type":"ReadAction","target":["https:\/\/cceditors.ca\/events\/cce-summer-social-vancouver-2025\/"]}]},{"@type":"BreadcrumbList","@id":"https:\/\/cceditors.ca\/events\/cce-summer-social-vancouver-2025\/#breadcrumb","itemListElement":[{"@type":"ListItem","position":1,"name":"Home","item":"https:\/\/cceditors.ca\/"},{"@type":"ListItem","position":2,"name":"Events","item":"https:\/\/cceditors.ca\/fr\/events\/"},{"@type":"ListItem","position":3,"name":"CCE Summer Social: Vancouver"}]},{"@type":"WebSite","@id":"https:\/\/cceditors.ca\/fr\/#website","url":"https:\/\/cceditors.ca\/fr\/","name":"Canadian Cinema Editors \/ Les Monteurs et Monteuses de cin\u00e9ma canadien","description":"The Canadian Cinema Editors aims to connect and promote editors across Canada","potentialAction":[{"@type":"SearchAction","target":{"@type":"EntryPoint","urlTemplate":"https:\/\/cceditors.ca\/fr\/?s={search_term_string}"},"query-input":{"@type":"PropertyValueSpecification","valueRequired":true,"valueName":"search_term_string"}}],"inLanguage":"fr-CA"}]}},"_links":{"self":[{"href":"https:\/\/cceditors.ca\/fr\/wp-json\/wp\/v2\/mec-events\/40755","targetHints":{"allow":["GET"]}}],"collection":[{"href":"https:\/\/cceditors.ca\/fr\/wp-json\/wp\/v2\/mec-events"}],"about":[{"href":"https:\/\/cceditors.ca\/fr\/wp-json\/wp\/v2\/types\/mec-events"}],"author":[{"embeddable":true,"href":"https:\/\/cceditors.ca\/fr\/wp-json\/wp\/v2\/users\/3"}],"replies":[{"embeddable":true,"href":"https:\/\/cceditors.ca\/fr\/wp-json\/wp\/v2\/comments?post=40755"}],"version-history":[{"count":3,"href":"https:\/\/cceditors.ca\/fr\/wp-json\/wp\/v2\/mec-events\/40755\/revisions"}],"predecessor-version":[{"id":40761,"href":"https:\/\/cceditors.ca\/fr\/wp-json\/wp\/v2\/mec-events\/40755\/revisions\/40761"}],"wp:attachment":[{"href":"https:\/\/cceditors.ca\/fr\/wp-json\/wp\/v2\/media?parent=40755"}],"wp:term":[{"taxonomy":"post_tag","embeddable":true,"href":"https:\/\/cceditors.ca\/fr\/wp-json\/wp\/v2\/tags?post=40755"},{"taxonomy":"mec_category","embeddable":true,"href":"https:\/\/cceditors.ca\/fr\/wp-json\/wp\/v2\/mec_category?post=40755"},{"taxonomy":"mec_speaker","embeddable":true,"href":"https:\/\/cceditors.ca\/fr\/wp-json\/wp\/v2\/mec_speaker?post=40755"}],"curies":[{"name":"wp","href":"https:\/\/api.w.org\/{rel}","templated":true}]}}

Activité estivale du CCE: Vancouver

<p>Joignez-vous à nous le 25 juin pour une activité estivale à Vancouver. Nous allons fêter le début de l’été à Container Brewing.</p>



<p>Les membres du CCE auront droit à un verre gratuit. Assurez-vous de réserver afin que votre nom figure sur la liste!  Les non-membres sont les bienvenu·es.</p>



<p>Si cet événement affiche complet et que vous voudriez vous mettre sur notre liste d’attente, veuillez nous écrire à <a href="mailto:info@cceditors.ca" target="_blank" rel="noreferrer noopener">info@cceditors.ca</a>.</p>



<p>Container Brewing &#8211; 1216 Franklin St, Vancouver, British Columbia, V6A 1K1</p>



<p>June 25th &#8211; 7PM PT</p>



<iframe src="https://www.google.com/maps/embed?pb=!1m18!1m12!1m3!1d2321.4143636006606!2d-123.08125002351105!3d49.282171971392685!2m3!1f0!2f0!3f0!3m2!1i1024!2i768!4f13.1!3m3!1m2!1s0x5486716b10400ea3%3A0xeb1fcceaf9367890!2sContainer%20Brewing%20Ltd.!5e1!3m2!1sen!2sca!4v1745161227188!5m2!1sen!2sca" width="400" height="300" style="border:0;" allowfullscreen="" loading="lazy" referrerpolicy="no-referrer-when-downgrade"></iframe>



<p></p>

<!-- This site is optimized with the Yoast SEO plugin v27.5 - https://yoast.com/product/yoast-seo-wordpress/ -->
<title>CCE Summer Social: Vancouver &#187; Canadian Cinema Editors / Les Monteurs et Monteuses de cinéma canadien</title>
<meta name="robots" content="index, follow, max-snippet:-1, max-image-preview:large, max-video-preview:-1" />
<link rel="canonical" href="https://cceditors.ca/fr/events/cce-summer-social-vancouver-2025/" />
<meta property="og:locale" content="fr_CA" />
<meta property="og:type" content="article" />
<meta property="og:title" content="CCE Summer Social: Vancouver &#187; Canadian Cinema Editors / Les Monteurs et Monteuses de cinéma canadien" />
<meta property="og:description" content="Join us on June 25th for a Summer Social in Vancouver.&nbsp; We will be celebrating the start of summer at Container Brewing. CCE members will receive their first drink free.&nbsp; Be sure to RSVP so your name is on the list! &nbsp;Non Members are welcome to attend. If this event is SOLD OUT and you [&hellip;]" />
<meta property="og:url" content="https://cceditors.ca/fr/events/cce-summer-social-vancouver-2025/" />
<meta property="og:site_name" content="Canadian Cinema Editors / Les Monteurs et Monteuses de cinéma canadien" />
<meta property="article:publisher" content="https://www.facebook.com/CCEditors" />
<meta property="article:modified_time" content="2025-05-21T12:38:33+00:00" />
<meta property="og:image" content="https://cceditors.ca/wp-content/uploads/2025/04/Summer-Social-2025-van_VAN-Banner-scaled.png" />
	<meta property="og:image:width" content="2560" />
	<meta property="og:image:height" content="1440" />
	<meta property="og:image:type" content="image/png" />
<meta name="twitter:card" content="summary_large_image" />
<meta name="twitter:site" content="@CCE_editors" />
<meta name="twitter:label1" content="Estimation du temps de lecture" />
	<meta name="twitter:data1" content="1 minute" />
<script type="application/ld+json" class="yoast-schema-graph">{"@context":"https:\/\/schema.org","@graph":[{"@type":"WebPage","@id":"https:\/\/cceditors.ca\/events\/cce-summer-social-vancouver-2025\/","url":"https:\/\/cceditors.ca\/events\/cce-summer-social-vancouver-2025\/","name":"CCE Summer Social: Vancouver &#187; Canadian Cinema Editors \/ Les Monteurs et Monteuses de cinéma canadien","isPartOf":{"@id":"https:\/\/cceditors.ca\/fr\/#website"},"datePublished":"2025-04-20T15:00:59+00:00","dateModified":"2025-05-21T12:38:33+00:00","breadcrumb":{"@id":"https:\/\/cceditors.ca\/events\/cce-summer-social-vancouver-2025\/#breadcrumb"},"inLanguage":"fr-CA","potentialAction":[{"@type":"ReadAction","target":["https:\/\/cceditors.ca\/events\/cce-summer-social-vancouver-2025\/"]}]},{"@type":"BreadcrumbList","@id":"https:\/\/cceditors.ca\/events\/cce-summer-social-vancouver-2025\/#breadcrumb","itemListElement":[{"@type":"ListItem","position":1,"name":"Home","item":"https:\/\/cceditors.ca\/"},{"@type":"ListItem","position":2,"name":"Events","item":"https:\/\/cceditors.ca\/fr\/events\/"},{"@type":"ListItem","position":3,"name":"CCE Summer Social: Vancouver"}]},{"@type":"WebSite","@id":"https:\/\/cceditors.ca\/fr\/#website","url":"https:\/\/cceditors.ca\/fr\/","name":"Canadian Cinema Editors \/ Les Monteurs et Monteuses de cinéma canadien","description":"The Canadian Cinema Editors aims to connect and promote editors across Canada","potentialAction":[{"@type":"SearchAction","target":{"@type":"EntryPoint","urlTemplate":"https:\/\/cceditors.ca\/fr\/?s={search_term_string}"},"query-input":{"@type":"PropertyValueSpecification","valueRequired":true,"valueName":"search_term_string"}}],"inLanguage":"fr-CA"}]}</script>
<!-- / Yoast SEO plugin. -->

CCE Summer Social: Vancouver &#187; Canadian Cinema Editors / Les Monteurs et Monteuses de cinéma canadien

Canadian Cinema Editors / Les Monteurs et Monteuses de cinéma canadien
